 h?
5
Suppose -466 = -2*r + 4*l, -4*r = 2*l - 0*l - 952. What is the hundreds digit of r?
2
Suppose 2*s = 1 + 3. What is the units digit of s?
2
Let p(i) = -i**3 - 12*i**2 - 16*i - 3. What is the tens digit of p(-11)?
5
Let q(h) = -6*h - 2. Let r be q(-1). Suppose -r - 1 = -y - x, 5*x - 1 = -y. What is the units digit of y?
6
Let t = -5 + 9. Suppose t*f = 5*f + 2*n - 11, f - 10 = -3*n. What is the tens digit of f?
1
Suppose 4*g - 23 = -5*i + 8, 2*i - 4*g = 18. Let c(l) = -l**2 + 8*l - 3. What is the units digit of c(i)?
4
Let p be (0 + 3)/(4/4). Suppose -4*x + 376 = -2*n, p*n - 188 = -0*x - 2*x. Suppose -x = -5*q - 14. What is the tens digit of q?
1
Suppose 13 = 5*q + 3. Suppose 2*x = -q + 12. Suppose k = -x*a + 1, 4*k + 5*a - 11 = 8. What is the units digit of k?
6
Suppose -g + 31 = -19. What is the tens digit of g?
5
Suppose -7*m + 2763 = 2*m. What is the tens digit of m?
0
Suppose 0 = -5*v + 10 - 0, 2*f - 3*v - 30 = 0. Suppose 4*y - f = -0*w + 5*w, 3*y = 4*w + 14. Let j(r) = 6*r - 3. What is the units digit of j(y)?
9
Suppose -3*g = 2*g - 350. What is the tens digit of g?
7
What is the units digit of (-126)/(-5) - (-5)/(-25)?
5
Let p be (6/10 + -1)*-5. Suppose -2*v - 3*j + 8 = 0, p*j = -4*v + 1 + 23. Suppose y = v + 4. What is the units digit of y?
1
Let f be 2 + 3/1 + -3. Suppose b = 2*d - 43, d - f*b - 21 - 2 = 0. What is the units digit of d?
1
Suppose 0*r - 51 = -3*r. What is the tens digit of r?
1
Suppose -n - 600 = -6*n + 3*l, 3*n - 360 = -5*l. What is the units digit of n?
0
Suppose 3*a + 246 = a. What is the tens digit of (a/(3 + 0))/(-1)?
4
Suppose p + d - 44 = -3*d, 3*d + 12 = 0. What is the units digit of p?
0
Let s = 232 - 98. What is the hundreds digit of s?
1
What is the units digit of 18*(75/6 + -2)?
9
Suppose -4*m = 4*w - 32, -40 = -2*m - 3*m - w. What is the units digit of m?
8
What is the hundreds digit of 4/22 - (-33030)/198?
1
Suppose 2*c - 28 = 36. What is the tens digit of c?
3
Suppose 0 = 2*y + 4*x - 148, 2*x - x - 73 = -y. Let z = 104 - y. Let m = z - 18. What is the units digit of m?
4
Suppose 6*d - d + 5 = 0. Let a be 1359/18 + d/2. Suppose 0*q - 5*q + a = 0. What is the units digit of q?
5
Let y(b) = b**2 - 10*b - 4. Let o be y(11). Suppose -2*m = -o*m + 180. What is the tens digit of m?
3
Let r = -10 - -6. Let u = r - -7. Suppose 0 = u*x - 5*f - 22, -3*x - 2*f = 2*f - 31. What is the units digit of x?
9
Suppose -2*d + 10 = d + 5*q, 5*d = 2*q + 27. Suppose 2*h = -d*k - 9, 5*h - 3*k - 21 = -k. Suppose -3*c + 21 - h = 0. What is the units digit of c?
6
Let a be 90 + -8*(-4)/(-8). Suppose 83 = 3*d - 4*c, -5*d + a = -2*d - c. What is the units digit of d?
9
Let t = 150 + -88. Suppose 0 = 3*p + 20 - t. What is the units digit of p?
4
Let w be -37 - -1 - -2*1. Let k be w/8*8/(-2). Suppose -2*a - 2*x - k = -5*a, -x = -3*a + 13. What is the units digit of a?
3
Let i = -30 + 58. What is the units digit of i?
8
Let w(o) = 2*o + 0*o**2 + o**2 - 2*o + 18. What is the units digit of w(0)?
8
Let a(o) = 2*o**2 - 10*o + 16. What is the units digit of a(7)?
4
Let n = 30 + -25. Suppose 52 = 2*d - n*a, -2*d + a = -4*d + 76. What is the units digit of d?
6
Suppose 5*n - 65 - 40 = 0. What is the tens digit of n?
2
Suppose -1 = 3*k + 5. What is the units digit of ((-152)/12)/(k/3)?
9
Let k(q) = -6*q**3 - 2*q**2 - q. Suppose -5*x = -j + 8, -4*j = 2*x + x - 9. What is the units digit of k(x)?
5
What is the units digit of (-5)/(0 + (-4)/24)?
0
Let k = 38 - 14. Suppose 3*l + m = 3*m + 11, -4*l = -5*m - k. What is the units digit of l?
1
Let k(i) = -6*i + 1. Let n = -12 - -9. What is the units digit of k(n)?
9
Let q(g) = 6*g + 17. What is the tens digit of q(10)?
7
Suppose 0 = -l - 3*l + 8. Suppose 4*d = -3*y + 15, l*d - 1 = -y + 8. What is the units digit of d?
6
Suppose -15 = -6*l - 3. What is the units digit of l?
2
Suppose 0 = 2*o + 2 + 8. Let u be (-3)/4*(-1 - o). What is the units digit of (4 - (u - -1)) + -2?
4
Let l(b) = 2*b**3 - 4*b**2 - 15*b - 5. What is the hundreds digit of l(6)?
1
Let s(x) = 3*x**2 + 1. Let m be s(-1). What is the units digit of (-2)/(-4)*(m - 2)?
1
Let a = -26 + 53. What is the tens digit of a?
2
Let j = -1 - 5. Let q(d) = -d - 1. Let g be q(j). Suppose 0 = -c + 4*t + 1 - 2, -c + 17 = g*t. What is the units digit of c?
7
What is the units digit of -23*(16/(-3) + (-4)/6)?
8
Let z = 620 + -358. What is the units digit of z?
2
Suppose 2*i + 2*i = 88. What is the tens digit of i?
2
Suppose 3*d - 6 = -4*n + 8, -3*n = -d + 9. Let j be 30/d*(1 + 0). Suppose 0*c - 3 = 3*c - 3*l, -4*c + l = -j. What is the units digit of c?
2
Let m be (-8)/1*11/(-4). Suppose -2*z - 4*l = -38, -2*z + 1 = -l - m. What is the units digit of z?
3
Suppose 6 = -5*h + 2*h. What is the units digit of ((-468)/60)/(h/10)?
9
Suppose -3*b + 93 = -3*k, 3*b - 3*k - 93 = -k. What is the units digit of b?
1
Suppose 6*v - 304 = -52. What is the tens digit of v?
4
Let b(m) = -2*m**2 - 2*m + 128. What is the hundreds digit of b(0)?
1
Suppose 0 = -4*a - 23 + 135. What is the units digit of a?
8
Let h = -33 - -61. What is the units digit of h?
8
Suppose -4*z + 3 = -9, -3*z + 45 = -4*c. Let k = c + 29. What is the tens digit of k?
2
Let d(m) be the third derivative of m**7/504 + m**4/12 - m**2. Let c(n) be the second derivative of d(n). What is the units digit of c(1)?
5
Let b(x) = -x**3 - 7*x**2 - x + 9. Suppose 0 = -2*j - 5*k - 4, -3*j - 2*k + 2 = 19. What is the tens digit of b(j)?
1
Let n(f) = 182*f**2 + f - 1. What is the tens digit of n(1)?
8
What is the units digit of (22/(-12))/(-11) - 1630/(-12)?
6
Let c = -9 - -9. Suppose c = 3*f - 8*f + 3*z + 43, -f + 4*z + 12 = 0. What is the units digit of f?
8
Let c(v) = v**2 - 4*v + 4. Let l be c(4). Suppose l*s = -0*s + 60. Suppose -4*h + 2*k = -26, -4*k - s = -3*h - k. What is the units digit of h?
8
Let l(o) = -3*o**2 - 4*o. Suppose 4*g = -6 - 6. Let f be l(g). Let k = -11 - f. What is the units digit of k?
4
Suppose 0 = k + 2, 47 = i - 2*k - 33. Suppose -6*u + u + 198 = -2*t, -2*u = -4*t - i. Suppose -4*y + 0*y + u = 0. What is the units digit of y?
0
Let p(z) = -z**2 - 18*z - 21. What is the tens digit of p(-12)?
5
What is the units digit of -1*665/(1 + -6)?
3
Let k = -93 - -160. What is the tens digit of k?
6
Suppose 3*z - 3 = -2*d, 4*z - 4 + 0 = 5*d. Suppose i = 4*r - 13, -i + 2*r + 7 = 4*i. Suppose d = 3*o + 2*o + 10, -i*b = 3*o - 30. What is the units digit of b?
2
Suppose 4*v - 39 = 133. What is the tens digit of v?
4
Let z = -2 - -6. Suppose q - 2 = j, -z*j - 17 = -9*j - 4*q. What is the units digit of ((-10)/(j + 0))/(-2)?
5
Let q = 27 - -37. Suppose 0 = -3*m + q + 35. What is the tens digit of m?
3
Suppose -q = l + 103, q + l - 105 = 2*q. Let k be 2/10 - q/5. Suppose -s + k = 2*s. What is the units digit of s?
7
Let i(j) = -j**3 - 6*j**2 - 5*j + 2. Let k be i(-5). Let a(r) = 6*r + 1. What is the units digit of a(k)?
3
Let d be (-2)/9 - 87/(-27). Suppose 5*p = d*p + 24. What is the units digit of p?
2
Let m = 9 + -2. Suppose -3*r + m + 11 = 0. What is the units digit of r?
6
Let m be (5 - (1 - -1)) + 0. Suppose m*u = -0*u + 24. What is the units digit of u?
8
Let y(s) = 5*s - 2. Let i be y(2). Let k = i - 8. Suppose k = v + v - 8. What is the units digit of v?
4
Let y be 4 - 2*2/(-2). Let r = y + -8. What is the units digit of r/(-4)*-2*-7?
7
Suppose 0*r + 2*r = 4. Suppose -r*v - 4 = -22. What is the units digit of v?
9
Let p(c) = 2*c + 84. What is the hundreds digit of p(10)?
1
Suppose -5*q - d + 50 = d, 4*q + d = 37. Let w = q - 4. What is the units digit of w?
4
Suppose -d - 44 = d. Let l = d - -35. Let j = 21 - l. What is the units digit of j?
8
Let u be ((-2)/(-3))/((-10)/(-45)). Let b(d) = d**2 - d + 3. What is the units digit of b(u)?
9
Let k = 13 - 1. Suppose 0 = t - 2*t + k. What is the units digit of t?
2
What is the tens digit of (-958)/(-8) + (-7)/(-28)?
2
Let m = 1 - -6. Let l = m - -48. What is the units digit of (-136)/(-22) + (-10)/l?
6
Let k(j) = j**3 - 4*j**2 + 2*j. Suppose -2 = 2*d - 10. What is the units digit of k(d)?
8
Let j = 20 + -14. Let y = -6 + 16. Let t = y - j. What is the units digit of t?
4
Let f(l) = l**2 - 2*l - 5. Suppose -5*d + z + 15 = -15, 0 = 2*d + 3*z + 5. What is the units digit of f(d)?
0
Suppose 4*z + 7 + 11 = 2*a, a - 3*z = 9. Let f be a/(-2)*(-2)/3.